{"id":1401,"date":"2024-04-22T20:54:06","date_gmt":"2024-04-22T20:54:06","guid":{"rendered":"https:\/\/lamoude.com\/?post_type=product&#038;p=1401"},"modified":"2025-08-04T06:48:09","modified_gmt":"2025-08-04T06:48:09","slug":"grillades-mix-fusion","status":"publish","type":"product","link":"https:\/\/lamoude.com\/?product=grillades-mix-fusion","title":{"rendered":"Afromix Grillplatte"},"content":{"rendered":"","protected":false},"excerpt":{"rendered":"<p id=\"tw-target-text\" class=\"tw-data-text tw-text-large JgzqYd RES9jf tw-ta\" dir=\"ltr\" data-placeholder=\"\u00dcbersetzung\" data-ved=\"2ahUKEwic6Nyum--OAxW6zAIHHRtAK8QQ3ewLegQIBxAX\" aria-label=\"\u00dcbersetzter Text: Gemischter Grillteller, dazu eine Portion roter Reis und gemischter wei\u00dfer Reis, Alokos, Pommes frites sowie gr\u00fcne und Chilisauce.\"><span class=\"Y2IQFc\" lang=\"de\">Gemischter Grillteller: 5 Chicken Wings, 5 Fleischspie\u00df,\u00a0 1 ganzes gegrillten H\u00e4hnchen und 1 Capitain Fisch. <\/span><span class=\"Y2IQFc\" lang=\"de\">Dazu eine Portion gebratener Reis mit Gem\u00fcse,\u00a0 Plantain frites, Pommes frites sowie gr\u00fcne und Chilisauce<\/span><\/p>\n","protected":false},"featured_media":1224,"template":"","meta":{"_kadence_starter_templates_imported_post":true,"_kad_post_transparent":"default","_kad_post_title":"","_kad_post_layout":"default","_kad_post_sidebar_id":"","_kad_post_content_style":"default","_kad_post_vertical_padding":"default","_kad_post_feature":"","_kad_post_feature_position":"","_kad_post_header":false,"_kad_post_footer":false,"_kad_post_classname":""},"product_brand":[],"product_cat":[49],"product_tag":[53,52,41,51,42,43],"class_list":{"0":"post-1401","1":"product","2":"type-product","3":"status-publish","4":"has-post-thumbnail","6":"product_cat-menuplatten","7":"product_tag-african","8":"product_tag-buffet","9":"product_tag-dish","10":"product_tag-drink","11":"product_tag-food","12":"product_tag-menu","14":"first","15":"instock","16":"shipping-taxable","17":"purchasable","18":"product-type-variable","19":"has-default-attributes","20":"entry","21":"content-bg","22":"loop-entry"},"_links":{"self":[{"href":"https:\/\/lamoude.com\/index.php?rest_route=\/wp\/v2\/product\/1401","targetHints":{"allow":["GET"]}}],"collection":[{"href":"https:\/\/lamoude.com\/index.php?rest_route=\/wp\/v2\/product"}],"about":[{"href":"https:\/\/lamoude.com\/index.php?rest_route=\/wp\/v2\/types\/product"}],"wp:featuredmedia":[{"embeddable":true,"href":"https:\/\/lamoude.com\/index.php?rest_route=\/wp\/v2\/media\/1224"}],"wp:attachment":[{"href":"https:\/\/lamoude.com\/index.php?rest_route=%2Fwp%2Fv2%2Fmedia&parent=1401"}],"wp:term":[{"taxonomy":"product_brand","embeddable":true,"href":"https:\/\/lamoude.com\/index.php?rest_route=%2Fwp%2Fv2%2Fproduct_brand&post=1401"},{"taxonomy":"product_cat","embeddable":true,"href":"https:\/\/lamoude.com\/index.php?rest_route=%2Fwp%2Fv2%2Fproduct_cat&post=1401"},{"taxonomy":"product_tag","embeddable":true,"href":"https:\/\/lamoude.com\/index.php?rest_route=%2Fwp%2Fv2%2Fproduct_tag&post=1401"}],"curies":[{"name":"wp","href":"https:\/\/api.w.org\/{rel}","templated":true}]}}